81
Calculate the remainder when 2147154 is divided by 580.
574
Calculate the remainder when 984673 is divided by 36.
1
What is the remainder when 26469070 is divided by 14?
12
Calculate the remainder when 6639160 is divided by 2619.
2614
What is the remainder when 1314438 is divided by 912?
246
What is the remainder when 21971765 is divided by 2?
1
What is the remainder when 1729329 is divided by 216165?
9
Calculate the remainder when 77636169 is divided by 38818080.
9
Calculate the remainder when 17266042 is divided by 1438835.
22
Calculate the remainder when 192393 is divided by 19089.
1503
Calculate the remainder when 1205387 is divided by 32.
11
Calculate the remainder when 20631037 is divided by 687700.
37
What is the remainder when 1843103 is divided by 97000?
103
Calculate the remainder when 130121814 is divided by 62.
58
What is the remainder when 140825 is divided by 2102?
2093
Calculate the remainder when 77027 is divided by 2072.
363
What is the remainder when 3773 is divided by 731?
118
What is the remainder when 363149 is divided by 302?
145
What is the remainder when 57673 is divided by 27350?
2973
What is the remainder when 1591471 is divided by 176830?
1
What is the remainder when 31113 is divided by 326?
143
Calculate the remainder when 457 is divided by 454.
3
Calculate the remainder when 3000249 is divided by 275.
274
Calculate the remainder when 159568 is divided by 6118.
500
What is the remainder when 36492 is divided by 4049?
51
What is the remainder when 188821 is divided by 128?
21
Calculate the remainder when 20516 is divided by 4065.
191
What is the remainder when 1217881 is divided by 3053?
2787
Calculate the remainder when 11692171 is divided by 217.
211
What is the remainder when 544728 is divided by 543?
99
What is the remainder when 122303363 is divided by 21?
14
What is the remainder when 53518728 is divided by 9?
3
Calculate the remainder when 411011 is divided by 3000.
11
Calculate the remainder when 144785 is divided by 1912.
1385
Calculate the remainder when 1220327 is divided by 76266.
71
Calculate the remainder when 4700630 is divided by 46.
28
Calculate the remainder when 139186500 is divided by 69.
45
Calculate the remainder when 51486947 is divided by 25.
22
Calculate the remainder when 522488896 is divided by 10723.
10721
Calculate the remainder when 20541239 is divided by 4878.
4859
What is the remainder when 861884 is divided by 9068?
424
Calculate the remainder when 21547 is divided by 1025.
22
What is the remainder when 1898967 is divided by 7?
0
Calculate the remainder when 1237498 is divided by 112.
10
What is the remainder when 1600850 is divided by 262?
30
Calculate the remainder when 348906491 is divided by 99.
98
Calculate the remainder when 2158380 is divided by 110.
70
What is the remainder when 1617282 is divided by 147025?
7
What is the remainder when 250700 is divided by 125101?
498
What is the remainder when 2690888 is divided by 591?
65
Calculate the remainder when 282368 is divided by 115.
43
Calculate the remainder when 1565336 is divided by 2041.
1930
Calculate the remainder when 242275006 is divided by 24.
22
Calculate the remainder when 142358466 is divided by 7.
5
Calculate the remainder when 3149215 is divided by 131217.
7
What is the remainder when 58852728 is divided by 2942636?
8
Calculate the remainder when 1979 is divided by 241.
51
Calculate the remainder when 50759 is divided by 47.
46
Calculate the remainder when 1146040 is divided by 191005.
10
Calculate the remainder when 3214213 is divided by 135.
133
What is the remainder when 15303115 is divided by 5100933?
316
Calculate the remainder when 19787010 is divided by 1333.
1291
Calculate the remainder when 39650439 is divided by 169.
166
What is the remainder when 5436538 is divided by 7478?
32
Calculate the remainder when 157164488 is divided by 119.
117
Calculate the remainder when 107865 is divided by 15391.
128
What is the remainder when 411891 is divided by 13435?
8841
What is the remainder when 876675 is divided by 438328?
19
Calculate the remainder when 42152892 is divided by 8430572.
32
Calculate the remainder when 4974709 is divided by 2078.
2055
What is the remainder when 530712818 is divided by 662?
658
Calculate the remainder when 7023588 is divided by 749.
215
What is the remainder when 6737456 is divided by 4537?
11
What is the remainder when 55295 is divided by 16?
15
What is the remainder when 1177962 is divided by 390576?
6234
Calculate the remainder when 4207488 is divided by 15877.
83
Calculate the remainder when 59149 is divided by 56436.
2713
Calculate the remainder when 11366 is divided by 3758.
92
What is the remainder when 27023077 is divided by 55?
37
Calculate the remainder when 44419916 is divided by 60.
56
What is the remainder when 33283125 is divided by 1581?
1494
What is the remainder when 439323 is divided by 2?
1
Calculate the remainder when 1226070 is divided by 111264.
2166
Calculate the remainder when 333852 is divided by 20864.
28
Calculate the remainder when 184242060 is divided by 188.
180
Calculate the remainder when 17328539 is divided by 2618.
2615
Calculate the remainder when 1641 is divided by 1516.
125
Calculate the remainder when 298542 is divided by 48957.
4800
Calculate the remainder when 2932 is divided by 2796.
136
What is the remainder when 175701020 is divided by 193?
189
What is the remainder when 5715114 is divided by 53?
18
What is the remainder when 13340248 is divided by 27?
7
Calculate the remainder when 412138 is divided by 5887.
48
Calculate the remainder when 4208 is divided by 1918.
372
Calculate the remainder when 360119 is divided by 2636.
1623
What is the remainder when 117251 is divided by 38851?
698
What is the remainder when 2773437 is divided by 54?
51
What is the remainder when 17372565 is divided by 1341?
1251
What is the remainder when 221753 is divided by 324?
137
Calculate the remainder when 96444803 is divided by 2970.
2963
Calculate the remainder when 964 is divided by 314.
22
What is the remainder when 5879844 is divided by 2871?
36
Calculate the remainder when 2826990 is divided by 7457.
787
Calculate the remainder when 181937 is divided by 2996.
2177
Calculate the remainder when 12454927 is divided by 461292.
43
What is the remainder when 72682 is divided by 14317?
1097
What is the remainder when 25813007 is divided by 4732?
4679
What is the remainder when 295981097 is divided by 21?
20
What is the remainder when 699511 is divided by 568?
303
Calculate the remainder when 203255 is divided by 11861.
1618
What is the remainder when 53541 is divided by 4384?
933
What is the remainder when 235444309 is divided by 13?
9
Calculate the remainder when 46195583 is divided by 128.
127
Calculate the remainder when 913067 is divided by 913051.
16
Calculate the remainder when 155399 is divided by 17264.
23
Calculate the remainder when 120283 is divided by 1880.
1843
What is the remainder when 496603 is divided by 165523?
34
Calculate the remainder when 672150 is divided by 26.
24
Calculate the remainder when 1177376 is divided by 130782.
338
Calculate the remainder when 1077474 is divided by 2099.
687
Calculate the remainder when 1017236 is divided by 1017178.
58
What is the remainder when 386769 is divided by 96583?
437
Calculate the remainder when 172582 is divided by 1384.
966
What is the remainder when 304242 is divided by 6759?
87
Calculate the remainder when 2994926 is divided by 2863.
228
What is the remainder when 2668937 is divided by 14505?
17
What is the remainder when 1799533 is divided by 8?
5
Calculate the remainder when 296937 is divided by 74146.
353
What is the remainder when 1128027 is divided by 188001?
21
What is the remainder when 908736 is divided by 227174?
40
Calculate the remainder when 93384719 is divided by 4535.
4534
Calculate the remainder when 55864210 is divided by 18621400.
10
Calculate the remainder when 36620 is divided by 482.
470
What is the remainder when 144092407 is divided by 157?
5
What is the remainder when 285514 is divided by 6425?
2814
Calculate the remainder when 786544 is divided by 157307.
9
Calculate the remainder when 4196186 is divided by 25.
11
What is the remainder when 3695032 is divided by 49?
40
